2 - (-6 - (-4 + -9 + -2))
-7
What is the value of 1079 + -1094 + 2 + -1 + 1?
-13
Evaluate 21 - (13 + -2 - (10 - (-1 - 0))).
21
4 - (41 + -11 + -5) - -6
-15
What is the value of 11 + -7 + (31 - 10) + -23?
2
Calculate 111 - 105 - (12 + 0).
-6
8 - (20 + -5 + -3) - (1 + -20)
15
Evaluate (-532 - -514) + 14 + 0.
-4
Evaluate -2 + (8 - 17 - (-6 + 4 + -6)).
-3
What is 42 + -8 + -8 - (10 + 1)?
15
What is the value of -1 - (-10 + 2 - -15 - 8)?
0
(19 - 14) + 1 - (-1 - -14)
-7
(4 - -1) + (-30 - (-7 - -4 - 6))
-16
Evaluate (-13 - 0) + (43 - (-10 - -42)).
-2
Evaluate 4 - (7 + 2) - -3 - -8.
6
What is 30 - 33 - (-29 - -16)?
10
What is the value of (-38 + 14 - -21) + 22?
19
-3 + (57 - 5) + 3 + -22
30
What is (2 - 4) + (-3 - 1) - -11 - 3?
2
Evaluate -20 + (0 + 2 - -17).
-1
18 + (0 - 19 - 1)
-2
-24 - (-15 + 3 - (1 + -5))
-16
Calculate 938 + -902 + (2 - 25).
13
What is 44 + -16 + -13 + 7?
22
What is 1 - (7 - -1) - (-3 - (-21 + 14))?
-11
What is -20 + 6 - (12 - (7 - -8))?
-11
What is the value of -42 + (27 - 8 - (1 - -4))?
-28
Calculate 1 + 72 + -46 + -47.
-20
7 - -1 - (-22 - -68 - 22)
-16
Evaluate 4 + 1 + -2 - (-21 + (22 - 2)).
4
Evaluate -52 + 49 - (-1 - (3 - 10)).
-9
Calculate 27 + -48 - (4 - 1).
-24
Calculate 12 + -17 + (-6 - 11 - -2).
-20
What is the value of -5 - (7 + -7 + -6 + (6 - -2))?
-7
Calculate 16 + -2 - (-14 + 13 + -13).
28
34 + -28 - (-27 - -13)
20
-22 + 20 + 2 + -5
-5
1 - -3 - (5 - (-2 - -5 - -5))
7
What is the value of 78 + -75 - (12 + (0 - -1))?
-10
What is -33 - (-46 - (21 + -32))?
2
(61 - 77) + (1 - (-2 + 8))
-21
Evaluate -37 - ((9 - 4) + (17 + -9 - 12)).
-38
-6 - ((1 - 0 - 13) + 2 + -5)
9
Evaluate -44 + 19 + 0 + 10 + 10.
-5
13 + 7 + -13 + (-5 + 16 - -4)
22
-18 - -14 - (-11 + 1) - (-8 + -2)
16
Evaluate 19 + 0 + 0 - (-4 - (-4 + -5)).
14
What is -6 - -2 - (-24 + 28 + 4 + 0)?
-12
Calculate (-9 + 33 - 6) + -18.
0
What is the value of (10 + 13 - -4) + -28?
-1
What is 41 + (-19 - -24 - 20)?
26
What is the value of (6 + 2 - 5) + 1 + 4?
8
What is -3 - 2 - ((-26 - 13) + 42)?
-8
Calculate -23 + 11 + 15 - (-2 - 2).
7
What is 5 + -1 + (-2 + (6 - -2) - 1)?
9
Evaluate (21 - -1) + (-8 - -17 - 5) + -8.
18
0 - -3 - (11 + 2 + -57 + 50)
-3
What is the value of 6 + -5 + 2 - -1 - -7?
11
(-15 - (-5 - -2)) + (2 - (-1 + -1))
-8
Calculate -58 + -5 - (-169 + 133).
-27
What is -3 - (34 - (6 - -20))?
-11
What is (71 + 8 - 89) + (1 - -14)?
5
What is -1 + (9 - 17) + -14 + 12?
-11
Evaluate (-14 - 3) + 0 + -3 - (165 + -162).
-23
Evaluate -7 - (4 - 12) - (20 + -2).
-17
Calculate (3 - (-2 + 5)) + 11 + -6 - -3.
8
What is the value of 30 + -19 - (3 - -2)?
6
What is 10 - -1 - 11 - (2 - (1 + 5))?
4
What is 11 + 7 + (-2 - 7) - (-8 + 14)?
3
Evaluate 15 + -26 + (-8 - -50).
31
(85 - 87) + -2 + -1
-5
Calculate -16 + (1 + 3 - -13).
1
Evaluate 42 + -26 + 0 + -23.
-7
-4 + (1 - 1) + -4 + -3
-11
Calculate -26 - (13 - -14 - 74).
21
Evaluate 20 + -6 - 29 - (1 + 10).
-26
Calculate (27 - (11 - -1)) + -8.
7
What is 8 - -1 - ((-25 - -48) + -22)?
8
Evaluate (-21 - -24) + -17 - (13 + 2).
-29
What is the value of -85 + 77 + (-4 - -4) + 6?
-2
Calculate 2 - 1 - ((32 - 28) + -18).
15
What is the value of -9 - (29 - 60) - 5?
17
Calculate (-6 + -7 - -7 - 1) + 27 + -4.
16
(1 - (5 + -5)) + (-42 - -23) - 7
-25
Calculate (3 - (5 + 5)) + 13.
6
Calculate (-21 - 6 - -18) + (31 - -2).
24
Evaluate 14 + -13 + 6 + 1.
8
Evaluate -100 + 115 - (-4 - -5).
14
What is -7 + ((-1 - -3) + (-72 - -73) - -25)?
21
What is the value of 49 + (-49 - (36 + -44))?
8
What is the value of -9 - (-1 - -2 - (17 - (-8 + 2)))?
13
Calculate -76 - -63 - (-24 + 3 + -8).
16
What is (20 - 8) + 11 + -7?
16
What is the value of (20 - (-20 + 32)) + 10 + 1?
19
Evaluate (13 - (12 - (-3 - -23))) + -8 + -2.
11
Calculate 35 - (72 - 39) - (23 + -2 + 1).
-20
Evaluate (-1 - 2) + -14 + -3 + (50 - 39).
-9
What is the value of -9 - (-36 + -1 + -1 + 3 + 6)?
20
Evaluate 6 + 5 + -16 + -5 + 1.
-9
Calculate (-14 - (-6 + -2) - 3) + 1 + -3.
-11
What is 102 - (-6 + 41) - 39?
28
What is the value of (-29 - (14 - 22)) + 9?
-12
What is -5 + 3 - (0 + 8 - 0)?
-10
What is the value of -7 - (5 + -6) - (10 + -15)?
-1
-8 - (-44 - -24) - (3 - 14)
23
What is the value of -9 + -34 + 10 + 1?
-32
What is the value of (-2 - -5) + -8 + -1 - (285 - 272)?
-19
Calculate 8 + -1 - (28 + -29) - 5.
3
What is the value of -40 + (75 - (9 - 7))?
33
Evaluate 60 - 41 - (4 - -17).
-2
-4 + (10 - 2) + (-13 - -7 - -12)
10
What is 116 - 100 - (3 + (-10 - -3))?
20
6 + (-1 - 19) + 2 + (-3 - -4)
-11
What is the value of (-9 - (-1 + (4 - 8))) + -4 + 0?
-8
What is the value of 6 + (-1 - -4 - 21) - 3?
-15
What is the value of -14 - (-2 + (5 - 11))?
-6
-2 + (7 - (-6 + 10)) + 0 + -12
-11
What is (0 - -1) + (-10 - (-15 + 9))?
-3
Evaluate -2 - ((-7 - -2) + 10).
-7
What is the value of 1 + 2 + (-2 - -2) + -16 + 8?
-5
Calculate 24 - (-7 - -7 - -11 - -2).
11
What is the value of -30 - (-41 + 28) - (-2 + 1)?
-16
What is (2 + -6 - (20 - 8)) + (8 - 4)?
-12
What is 20 + -16 + 12 + -7 - (39 + 1)?
-31
Calculate -6 - 2 - (-252 - -210).
34
What is the value of -6 + 4 - (-41 - -39)?
0
Calculate (-8 - (-30 + 7)) + -1.
14
Evaluate -1 + -5 + 1 + -6 + 19 + -12.
-4
Evaluate 5 + -15 + -2 + 12.
0
5 + (7 - (11 - (7 - 3)))
5
Evaluate 25 + 8 - 7 - (14 + (-17 - -9)).
20
Calculate -6 - (-4 + -6) - (-4 + 6).
2
What is the value of -21 - (-1 - 11 - 0)?
-9
What is 13 - (8 - (-8 + (-16 - -7)))?
-12
(-21 - (-21 + -4 - 0)) + (32 - 1)
35
What is the value of (3 + -50 - -25) + 18?
-4
What is the value of (16 - 30) + 18 + 3?
7
What is 0 + (5 - (-4 - -16)) + 4 + 8?
5
10 + -5 + -4 + -4 + 3 + 11
11
39 - (-14 - -31) - 17
5
What is the value of 18 - 17 - ((-1 - (0 + -3)) + 2)?
-3
Evaluate -9 + (4 - (-1 + 3)) + 1 - -11.
5
What is the value of (-11 - -27) + -11 + -10?
-5
Evaluate (-6 - -13) + -1 + 6 - (14 + 0).
-2
Evaluate -8 + (29 - (17 - 6 - 0 - 8)).
18
What is (5 - (-33 - -43)) + (-9 - 0)?
-14
Evaluate 10 + (-23 - -10) - ((-15 - 1) + 0).
13
What is (0 - -3) + (4 - (38 + -19))?
-12
Evaluate 2 + -4 - (-33 - (-36 - -14)).
9
Calculate -4 + (-18 - -20) + (-1 - -1).
-2
Calculate -47 - (12 + -20) - -20.
-19
Evaluate 13 - (9 - 10) - 20 - -32.
26
-5 + -10 + 18 + -21 + 52
34
What is 5 + 2 + 0 - (23 - (20 + 10))?
14
Calculate (-30 - -10) + 17 - 11 - -6.
-8
-8 + -3 - (-4 - 0 - 2)
-5
-1 - (5 + -14 + -8 - -9)
7
2 - -18 - (0 + 14)
6
What is the value of (18 - 25 - -29) + -31?
-9
What is the value of -15 + 2 + 0 + (798 - 785)?
0
Calculate (33 + -10 + -20 - (0 + 7)) + 5.
1
What is -6 - 1 - (290 - 290)?
-7
2 + (1 - 0 - (-31 + 47))
-13
Calculate 2 + (8 + (11 - 17) - 0).
4
What is the value of 9 + -7 + 22 + -36?
-12
What is the value of 31 - (9 - -3 - -23)?
-4
What is (-7 - -9 - -9) + -14?
-3
-16 + 0 - (-51 - -46)
-11
Evaluate 55 + -54 + 2 + -10 - -2.
-5
Evaluate -11 + 0 - (29 + -23 - 5).
-12
What is (0 + -2 - 1) + (129 - 136)?
-10
What is -13 + -17 + (17 - 3) - -27?
11
Evaluate (-1 - -3) + (9 + -19 - -23) + -3.
12
What is (-4 - (10 + -6 + -6)) + -2 + 5?
1
What is 41 + (-6 - (-10 - -18) - 6)?
21
What is (-101 - -102 - (1 + 0)) + 7?
7
What is the value of (-1175 - -1171) + 3 + -2 + -1?
-4
What is the value of (-2 - 1) + (8 - (-1 - (-9 - 0)))?
-3
Evaluate 16 + (-16 - 0) + 15.
15
(16 + 3 + -9 - 15) + 6
1
Calculate 58 + -83 - ((-3 - -3) + -3).
-22
What is the value of -1 - (10 - (-6 - -12)) - (4 - -2)?
-11
Calculate -12 + 70 - 100 - (-18 - -1).
-25
What is -21 + -5 + 558 + -503?
29
Evaluate 17 + -7 - 27 - (-4 + -3).
-10
Calculate 12 - (11 + -30 + 26 - (7 - 0)).
12
Calculate 18 + -9 + 9 + 0 + -8.
10
What is -1 + -19 + (-7 - (-3 - (18 - 9)))?
-15
Evaluate 24 + 17 + 23 + -47.
17
What is (14 - ((-7 - (-9 - -9)) + -2)) + -6?
17
What is the value of -5 + 8 + 8 - (0 + -10)?
21
Evaluate (-24 - -34) + -12 + -1 + 0 + 3.
0
Evaluate -6 + 10 + -19 - (-19 + -2).
6
What is the value of -4 - (8 + -2) - (-46 + 40)?
-4
Evaluate (-1 - -3) + (-6 - -10) + -26.
-20
What is (-36 - -32 - (-12 + 2)) + 6?
12
Evaluate 2 + -7 + -8 + 7 - 5.
-11
What is the value of -31 + 23 + 3 + 0 - -9 - 19?
-15
Calculate 2 - 14 - -16 - 3 - -13.
14
What is the value of -3 + (-1 - (1 - 20 - (-1 + -5)))?
9
What is -4 + (0 - 7 - (1 - 28) - 6)?
10
Calculate 5 + -15 + 8 + (7 - (-9 - -31)).
-17
17 + 2 + -30 + -3
-14
Evaluate 11 + (-2 - (-10 - -5)) + -3 - 5.
6
3 + -1 - (4 + 2) - (-1630 - -1629)
-3
Calculate 8 - (5 